4
In base 8, what is -7 + 700652?
700643
In base 3, what is 21100221022 - 11?
21100221011
In base 10, what is -16 + -122186?
-122202
In base 3, what is -212202 - -210110?
-2022
In base 10, what is -29069 + 0?
-29069
In base 13, what is 1a1 - 80?
121
In base 5, what is 132 + -3333?
-3201
In base 16, what is 5 - 1e635?
-1e630
In base 15, what is 113 - -79?
18c
In base 13, what is -2 - -3719?
3717
In base 11, what is 452 + 5697?
6039
In base 5, what is 10 + 1241040?
1241100
In base 14, what is 1477 - -114?
158b
In base 10, what is -57 + 495?
438
In base 7, what is 4 + -1241212?
-1241205
In base 16, what is -8 + -1db0?
-1db8
In base 5, what is -122130142 + -1?
-122130143
In base 11, what is 246876 - 3?
246873
In base 7, what is 24 + 30342?
30366
In base 6, what is -23414 + -11?
-23425
In base 15, what is -1b750 - -c?
-1b743
In base 4, what is 12 - -2021230?
2021302
In base 5, what is 401 - 2104?
-1203
In base 13, what is a - -1053?
1060
In base 9, what is 33 - 103016?
-102873
In base 2, what is -1010001100010 - 10110?
-1010001111000
In base 9, what is 136 - 142485?
-142348
In base 10, what is 80002 + 5?
80007
In base 8, what is 0 + -3256?
-3256
In base 13, what is 3 - 2643?
-2640
In base 16, what is a3 + -655?
-5b2
In base 7, what is 3556161 + 4?
3556165
In base 4, what is 2230000 - 32?
2223302
In base 6, what is 2500 + -415?
2041
In base 8, what is 3 + -6605?
-6602
In base 7, what is 205 - -12651?
13156
In base 6, what is -11014155 - 1?
-11014200
In base 5, what is -30202 + -10?
-30212
In base 10, what is 72335 - -1?
72336
In base 10, what is 2080511 + -1?
2080510
In base 4, what is -1202 + 1?
-1201
In base 3, what is 1000211 + 21010?
1021221
In base 12, what is -19 + 8650?
8633
In base 4, what is -3221 + -102302?
-112123
In base 13, what is 51 + 2bc?
340
In base 6, what is -4 + 115125?
115121
In base 13, what is 2 + -10984?
-10982
In base 13, what is 4 - -1a44a?
1a451
In base 4, what is 22233100 + -302?
22232132
In base 8, what is -4421612 + 5?
-4421605
In base 3, what is 1 - -1201212?
1201220
In base 4, what is 210132023 + 3?
210132032
In base 13, what is c7614 + 1?
c7615
In base 8, what is 24 + 472?
516
In base 6, what is -103241133 + -1?
-103241134
In base 12, what is 98 + 18b?
267
In base 14, what is -a07 - -20?
-9c7
In base 9, what is 605122 - -1?
605123
In base 10, what is 22 + 4835?
4857
In base 3, what is 201011220 + 2222?
201021212
In base 5, what is 2014 - -33400?
40414
In base 9, what is -67 + -1261?
-1338
In base 7, what is 106 + 1060?
1166
In base 4, what is -1 + 110113202?
110113201
In base 10, what is 308 + -12?
296
In base 9, what is -8 + 10715?
10706
In base 16, what is -2180cc - -3?
-2180c9
In base 9, what is -12 + -3885?
-4007
In base 3, what is 2 + 1020212200?
1020212202
In base 10, what is -140 - -63?
-77
In base 9, what is 1 - 158510?
-158508
In base 3, what is -2002020 + 10002?
-1222011
In base 16, what is e - -8861?
886f
In base 4, what is -32 + 322130?
322032
In base 4, what is 211333201 - 11?
211333130
In base 13, what is 138 - 6c?
99
In base 4, what is 10 - 31123212?
-31123202
In base 9, what is 3 + -30043?
-30040
In base 2, what is 10010110010001011111 - -101?
10010110010001100100
In base 15, what is 6 + 3ced?
3d04
In base 6, what is -5 - -2302250?
2302241
In base 8, what is 11 + -1604?
-1573
In base 2, what is 100000 + -11001010100101?
-11001010000101
In base 11, what is -1494 - 29?
-1512
In base 9, what is 6183 - 50?
6133
In base 6, what is -212145 + 10?
-212135
In base 11, what is -2 - 621a?
-6221
In base 6, what is -420403 - -2?
-420401
In base 9, what is -134 + 4334?
4200
In base 16, what is 13e60 + -5?
13e5b
In base 9, what is -5433 - -80?
-5343
In base 10, what is -634 - 65?
-699
In base 14, what is -10d + -a8b?
-b9a
In base 10, what is -10996 - -4?
-10992
In base 3, what is 12 + 1101121002?
1101121021
In base 6, what is 3 + -12012553?
-12012550
In base 10, what is 154 - 1769?
-1615
In base 12, what is 4 - 111273?
-11126b
In base 7, what is 2 + 433064?
433066
In base 3, what is -102000 + -2201?
-111201
In base 9, what is -8005 - 103?
-8108
In base 8, what is -124 + -2750?
-3074
In base 8, what is -673272 - -2?
-673270
In base 8, what is -5325 + 0?
-5325
In base 12, what is 1 + -7035?
-7034
In base 5, what is -11 - 3114?
-3130
In base 3, what is -2020020100 + 2?
-2020020021
In base 7, what is 1 + 11635?
11636
In base 6, what is 553440 - 4?
553432
In base 16, what is -1323a - -1?
-13239
In base 8, what is -172 + 32?
-140
In base 14, what is -3a + -b9?
-115
In base 13, what is 1bb74 + -2?
1bb72
In base 14, what is -3 - -583?
580
In base 6, what is -4030 - -3423?
-203
In base 14, what is 1 + 82731?
82732
In base 3, what is 112 - 1102021201?
-1102021012
In base 6, what is 15 + -12042?
-12023
In base 2, what is 101 + -10000100000101011?
-10000100000100110
In base 7, what is 31460 - 244?
31213
In base 13, what is -6 - -42b5a?
42b54
In base 13, what is 52 + 188?
20a
In base 3, what is -10102022 - 20002?
-10122101
In base 6, what is 21021 - -1502?
22523
In base 9, what is -51 + -35474?
-35535
In base 14, what is 167 + -1d?
148
In base 8, what is -3 + 342676?
342673
In base 2, what is 1110 - -110110110010001?
110110110011111
In base 6, what is -213 - -410452?
410235
In base 16, what is -17 - -3e25?
3e0e
In base 11, what is 15a9 + -172?
1437
In base 7, what is 350356 - -10?
350366
In base 6, what is 1231233 + -4?
1231225
In base 5, what is -13 - -40244441?
40244423
In base 14, what is -6d + 41?
-2c
In base 10, what is 2760 - -20?
2780
In base 4, what is 22 + -3012313?
-3012231
In base 16, what is -1d + 86?
69
In base 12, what is -2 - 148a19?
-148a1b
In base 7, what is -2 - 153035?
-153040
In base 8, what is -47163 - -3?
-47160
In base 3, what is -10210022 - -102?
-10202220
In base 15, what is 88 + -1866?
-17cd
In base 6, what is -2335 - -22221?
15442
In base 4, what is -2022 - 1300110?
-1302132
In base 2, what is -1101011011011 - -11?
-1101011011000
In base 11, what is 131836a + -2?
1318368
In base 4, what is 2 - 332300122?
-332300120
In base 11, what is -16 - 13aa9?
-14014
In base 6, what is -2301 - 3?
-2304
In base 8, what is 12100207 + -1?
12100206
In base 3, what is -20110222 - -2120?
-20101102
In base 4, what is 120311 - 100?
120211
In base 10, what is -46755 + -5?
-46760
In base 10, what is -2 - -26275?
26273
In base 6, what is -5 + 40320?
40311
In base 11, what is a6a - -11?
a80
In base 9, what is 7 + 162088?
162106
In base 3, what is -2111022 - 2?
-2111101
In base 7, what is 3 + 1036143?
1036146
In base 8, what is 165543 - 5?
165536
In base 6, what is -334 - -20534?
20200
In base 5, what is 3414 + 100?
4014
In base 8, what is -776 + -527?
-1525
In base 10, what is 2087 + -401?
1686
In base 11, what is 53a246 + 4?
53a24a
In base 2, what is -10111011 - 10010011?
-101001110
In base 10, what is -196 + 1994?
1798
In base 14, what is -9968 - 5?
-996d
In base 5, what is -11214 + 144030?
132311
In base 10, what is 186 - 9795?
-9609
In base 14, what is -5 - 80671?
-80676
In base 4, what is 10 - -11103213030?
11103213100
In base 10, what is 14 - -6592?
6606
In base 16, what is -1f13 + -17?
-1f2a
In base 6, what is -3 + 51152?
51145
In base 13, what is 1 + -86cc?
-86cb
In base 2, what is 11 + -1010000000110001?
-1010000000101110
In base 14, what is 37 - -5c04?
5c3b
In base 12, what is 0 + 5347?
5347
In base 13, what is -1149 + 85?
-1094
In base 13, what is -115 + -13a?
-252
In base 8, what is 223 + -13325?
-13102
In base 9, what is 34678 - -5?
34684
In base 3, what is 1120 + 2101220?
2110110
In base 3, what is 1 + -100102110?
-100102102
In base 10, what is -2 - 1224?
-1226
In base 9, what is -2567 + -366?
-3044
In base 5, what is -3 + -1013042?
-1013100
In base 3, what is 0 - 21012121?
-21012121
In base 13, what is -1506 - -9?
-14ca
In base 8, what is 2 - -6201?
6203
In base 9, what is -13 - 2278?
-2302
In base 14, what is 158a64 + -4?
158a60
In base 3, what is 121222022 + 121?
121222220
In base 14, what is 25 - 6c8?
-6a3
In base 2, what is -1110010 - 1011010011111?
-1011100010001
In base 6, what is 4055 + -224?
3431
In base 15, what is -1 - 5b1b3?
-5b1b4
In base 6, what is 212 - -303453?
304105
In base 16, what is 13b5 + 1?
13b6
In base 4, what is 10 + -10010003?
-10003333
In base 13, what is 3a - 272a?
-26c0
In base 1